?
False
Does 13 divide 1850893486?
True
Is 306 a factor of 85057817?
False
Is 1583 a factor of 18749052?
True
Is 307 a factor of 268055208?
True
Is 534 a factor of 40205089?
False
Is 98812702 a multiple of 21?
False
Does 25 divide 366822725?
True
Is 11 a factor of 545766386?
True
Is 16447705 a multiple of 131?
True
Does 16 divide 6711788?
False
Is 24 a factor of 95153952?
True
Is 310094063 a multiple of 2242?
False
Is 46181989 a multiple of 296?
False
Is 7256489 a multiple of 7?
False
Is 24 a factor of 199647264?
True
Is 13542336 a multiple of 1383?
True
Is 31642024 a multiple of 2?
True
Is 63 a factor of 22290534?
True
Is 264095 a multiple of 31?
False
Is 53 a factor of 202448552?
True
Is 7 a factor of 7497427?
True
Is 642808 a multiple of 84?
False
Is 349 a factor of 1360455640?
False
Is 16745021 a multiple of 493?
False
Is 226 a factor of 204619561?
False
Does 74 divide 13385936?
False
Is 170 a factor of 1385429363?
False
Is 64081457 a multiple of 1368?
False
Is 19 a factor of 36109360?
False
Is 56014580 a multiple of 47?
False
Is 33 a factor of 17335024?
False
Is 2168481554 a multiple of 41?
True
Is 119894784 a multiple of 8?
True
Is 10 a factor of 128223107?
False
Is 1134155 a multiple of 9?
False
Is 85173252 a multiple of 14?
False
Does 169 divide 64310415?
True
Does 22 divide 67532652?
True
Is 19610055 a multiple of 1304?
False
Is 95 a factor of 745960855?
False
Is 32 a factor of 89060992?
True
Does 72 divide 3164021642?
False
Is 436389248 a multiple of 16?
True
Is 2633 a factor of 415271494?
True
Does 2897 divide 754044440?
False
Is 113 a factor of 21530568?
True
Does 1202 divide 30911834?
True
Is 106737218 a multiple of 27?
False
Is 32 a factor of 1197490560?
True
Is 111 a factor of 92545740?
False
Is 2 a factor of 1595748?
True
Is 19 a factor of 46170770?
False
Is 558820 a multiple of 20?
True
Is 2321885757 a multiple of 3130?
False
Is 90 a factor of 34533067?
False
Does 1425 divide 42860149?
False
Does 519 divide 43977448?
False
Is 6215203 a multiple of 237?
False
Is 5 a factor of 67066724?
False
Does 21 divide 70738681?
False
Does 98 divide 670616940?
True
Is 8 a factor of 32097570?
False
Is 85 a factor of 13749333?
False
Is 86 a factor of 657198145?
False
Is 107815818 a multiple of 10?
False
Does 13 divide 37398101?
True
Is 18555270 a multiple of 29?
False
Is 37 a factor of 198667864?
False
Is 49409997 a multiple of 29?
True
Is 780 a factor of 33030825?
False
Is 1110 a factor of 1520322787?
False
Is 137326887 a multiple of 10?
False
Is 517 a factor of 288475143?
True
Is 33 a factor of 157215333?
True
Is 1855276015 a multiple of 29?
True
Is 6130119 a multiple of 107?
False
Is 486772865 a multiple of 2?
False
Is 901 a factor of 670648538?
True
Does 2 divide 47941377?
False
Is 4180288 a multiple of 339?
False
Is 39 a factor of 11964934?
False
Is 286 a factor of 147714019?
False
Does 4495 divide 97478566?
False
Does 7 divide 15298661?
True
Is 356396514 a multiple of 21?
False
Is 2469855169 a multiple of 1283?
False
Does 9 divide 30549641?
False
Is 93 a factor of 932275435?
False
Is 658 a factor of 28949221?
False
Is 341 a factor of 45989755?
False
Is 5 a factor of 290422465?
True
Is 65 a factor of 20870980?
True
Does 5 divide 44847911?
False
Is 194674635 a multiple of 97?
True
Is 26 a factor of 38608154?
True
Is 20 a factor of 313086240?
True
Is 50885138 a multiple of 21?
False
Does 25 divide 28566452?
False
Is 709655348 a multiple of 482?
True
Does 375 divide 202180500?
True
Is 63 a factor of 360677868?
False
Does 111 divide 59162305?
False
Is 8078686 a multiple of 7?
True
Is 211037595 a multiple of 3999?
False
Is 1696 a factor of 224617310?
False
Is 465185252 a multiple of 263?
False
Is 208387047 a multiple of 11?
True
Does 94 divide 739322784?
True
Does 22 divide 21282756?
True
Does 57 divide 363740712?
True
Is 914677334 a multiple of 1303?
True
Is 34 a factor of 237245472?
True
Is 1338444 a multiple of 9?
True
Is 648 a factor of 948023352?
True
Does 313 divide 289221703?
True
Is 24 a factor of 1450377768?
True
Is 61 a factor of 277327430?
False
Is 6 a factor of 4097009?
False
Is 112 a factor of 56615664?
True
Does 8 divide 145068240?
True
Is 231 a factor of 1312758694?
False
Does 56 divide 6300392?
True
Does 21 divide 2393344737?
True
Is 467 a factor of 30174018?
False
Is 94486860 a multiple of 745?
True
Does 87 divide 52330954?
False
Is 70 a factor of 98562520?
True
Is 3241026 a multiple of 1139?
False
Is 781883478 a multiple of 19?
True
Is 7 a factor of 20901419?
True
Is 290 a factor of 7521440?
True
Is 2008 a factor of 278777046?
False
Is 1935 a factor of 326763450?
True
Is 306482610 a multiple of 105?
True
Is 1288117910 a multiple of 91?
False
Does 19 divide 25599251?
True
Does 15 divide 468522270?
True
Does 7 divide 57992893?
True
Is 151749990 a multiple of 595?
True
Does 98 divide 58787162?
True
Is 564 a factor of 167747136?
True
Does 9 divide 5941845?
True
Is 27 a factor of 2240173827?
True
Is 6908 a factor of 349171768?
True
Is 11 a factor of 103899884?
True
Is 13 a factor of 187873479?
False
Is 53867304 a multiple of 1233?
True
Does 202 divide 35267206?
False
Does 9 divide 4867430?
False
Does 106 divide 32326942?
False
Is 49 a factor of 46238311?
True
Is 5394114 a multiple of 130?
False
Does 79 divide 322459992?
False
Is 766964261 a multiple of 25?
False
Is 169606761 a multiple of 23?
True
Is 43 a factor of 1755984141?
False
Is 240 a factor of 1133771300?
False
Does 24 divide 392979480?
True
Is 220 a factor of 166967680?
True
Does 1159 divide 31026430?
True
Is 43 a factor of 2075886275?
True
Is 17787121 a multiple of 1507?
True
Is 27 a factor of 1629396594?
True
Is 87046479 a multiple of 117?
True
Is 29544984 a multiple of 2883?
True
Is 135513573 even?
False
Is 171 a factor of 36920232?
False
Is 884812628 a multiple of 13?
False
Does 926 divide 332832490?
False
Does 12 divide 51418327?
False
Is 967 a factor of 140527803?
False
Is 19819839 a multiple of 233?
False
Is 349 a factor of 135038957?
False
Does 2323 divide 3350342104?
True
Is 93385242 a multiple of 5?
False
Is 227156380 a multiple of 843?
False
Is 98 a factor of 2471793?
False
Is 13558282 a multiple of 646?
False
Does 50 divide 95848550?
True
Does 3 divide 524720253?
True
Is 252038032 a multiple of 1424?
True
Is 13 a factor of 194518753?
True
Is 982300554 even?
True
Does 429 divide 240408?
False
Does 214 divide 1594879174?
False
Is 972 a factor of 1432395576?
True
Does 614 divide 17194456?
True
Does 16 divide 2345897680?
True
Does 28 divide 1299267027?
False
Does 114 divide 121737294?
True
Is 52440629 a multiple of 91?
False
Is 5 a factor of 263650?
True
Is 22 a factor of 345266971?
False
Is 18 a factor of 15990264?
True
Is 40028566 a multiple of 440?
False
Does 4065 divide 2176678444?
False
Does 14 divide 3906057?
False
Does 43 divide 206659935?
True
Does 91 divide 241944612?
True
Does 610 divide 981702890?
True
Is 106 a factor of 1933347?
False
Does 132 divide 179438556?
True
Is 12 a factor of 43302787?
False
Does 66 divide 15226530?
True
Is 5727928 a multiple of 8?
True
Does 3181 divide 438915902?
False
Does 21 divide 38693697?
True
Is 36123992 a multiple of 1324?
False
Is 19248524 a multiple of 351?
False
Does 18 divide 92965105?
False
Is 27024128 a multiple of 123?
False
Is 29829897 a multiple of 204?
False
Is 33 a factor of 17773017?
False
Is 13056647 a multiple of 13?
False
Does 14 divide 146538168?
True
Does 464 divide 1534676130?
False
Does 21 divide 2176839?
True
Is 171 a factor of 378442916?
False
Is 729015540 a multiple of 2742?
True
Is 34763472 a multiple of 54?
True
Is 128 a factor of 35339453?
False
Is 3005 a factor of 1484552954?
False
Is 115711724 a multiple of 55?
False
Does 25 divide 249962278?
False
Does 1119 divide 105628005?
True
Is 5869326 a multiple of 19?
False
Does 141 divide 52175057?
False
Is 2576 a factor of 324346261?
False
Is 13 a factor of 148890534?
True
Is 73134412 a multiple of 26?
True
Does 295 divide 31584765?
True
Is 276750499 a multiple of 596?
False
Does 162 divide 2518938?
True
Does 30 divide 5117021?
False
Is 73 a factor of 19796432?
True
Is 1080288 a multiple of 186?
True
Is 1012201502 a multiple of 146?
True
Is 264619645 a multiple of 234?
False
Is 3033461 even?
False
Is 280178232 a multiple of 1067?
False
Is 67633